 = 1505*v - 7500. Calculate k(5).
25
Let i(l) = 603*l - 3013. What is i(5)?
2
Let s(y) = -y**3 - 3*y**2 - 5*y + 48. Give s(0).
48
Let q(f) = f**3 - 39*f**2 - 27*f + 1051. Determine q(39).
-2
Let u(d) = -12*d - 400. Calculate u(10).
-520
Let s(o) = 10*o - 26. Determine s(24).
214
Let b(l) = -7*l + 617. Give b(79).
64
Let i(h) = h**2 - 6*h + 50. Give i(16).
210
Let z(q) = -q + 54. Give z(15).
39
Let y(j) = -j**3 - 3*j**2 + 45*j - 32. Calculate y(5).
-7
Let n(m) = -m**2 - 15*m + 95. Calculate n(-22).
-59
Let q(i) = -13*i**2 - 4*i + 4. Determine q(-4).
-188
Let a(v) = 23*v**3 - v**2 + 4*v - 1. Give a(2).
187
Let o(n) = -3*n**3 + 2*n**2 - 13*n + 34. What is o(5)?
-356
Let s(p) = -p**3 + 9*p**2 + 9*p - 3. Determine s(-5).
302
Let z(h) = 14*h - 283. Calculate z(21).
11
Let v(f) = -287*f - 1734. What is v(-6)?
-12
Let h(k) = 15*k**3 - 36*k**2 - 130*k - 3. Give h(-2).
-7
Let m(v) = -v**2 + 9*v - 32. Calculate m(0).
-32
Let a(d) = -3*d**3 - 93*d**2 - 5*d - 62. What is a(-31)?
93
Let h(b) = 2*b**3 - 36*b**2 + 59*b - 1046. What is h(18)?
16
Let y(i) = -9*i**2 + 94*i + 15. Give y(8).
191
Let a(q) = 27*q + 786. Give a(-31).
-51
Let c(j) = -j**2 - 6*j + 87. What is c(-15)?
-48
Let f(x) = x**2 - 6*x - 8. Give f(8).
8
Let d(u) = -18*u**2 + 23*u + 82. Give d(-3).
-149
Let t(b) = -430*b + 4280. What is t(10)?
-20
Let p(q) = 125*q - 1791. Give p(15).
84
Let w(h) = -453*h + 5428. What is w(12)?
-8
Let h(g) = 32480*g + 97436. Determine h(-3).
-4
Let f(i) = i**3 + 7*i**2 - 2*i + 115. What is f(-8)?
67
Let q(o) = -4*o**3 - 4*o**2 + 16*o - 2. Determine q(3).
-98
Let x(q) = -30*q - 758. Calculate x(-21).
-128
Let v(m) = m + 224. Give v(11).
235
Let p(y) = -10*y - 580. Give p(-70).
120
Let w(u) = 9*u**3 - 60*u**2 - 24*u + 20. Give w(7).
-1
Let x(g) = -g**2 + 55*g - 272. Determine x(6).
22
Let k(l) = l**2 - 458*l - 2788. Give k(-6).
-4
Let y(z) = 20*z + 65. What is y(-3)?
5
Let m(r) = -1728*r - 24195. Give m(-14).
-3
Let u(o) = -15*o + 628. Give u(26).
238
Let s(c) = 433*c - 8216. Determine s(19).
11
Let d(r) = -r**2 - 53*r + 726. Give d(14).
-212
Let h(z) = 3*z**3 + 58*z**2 + 30*z - 59. Calculate h(-18).
697
Let a(v) = -30*v - 399. What is a(-16)?
81
Let c(g) = -2*g**2 + 199*g - 2802. Give c(17).
3
Let s(r) = 17*r + 583. What is s(-34)?
5
Let d(v) = v**3 + 105*v**2 + 2683*v - 59. What is d(-61)?
2
Let w(z) = 6*z - 414. Give w(54).
-90
Let u(h) = h**3 - 12*h**2 + 23*h + 15. What is u(8)?
-57
Let i(y) = -y**2 + 416*y - 3646. Calculate i(9).
17
Let c(s) = 18*s - 103. Give c(18).
221
Let k(w) = -w**3 + 32*w**2 - 58*w + 487. Calculate k(31).
-350
Let w(o) = 175*o - 3862. Give w(22).
-12
Let l(m) = -m**3 - 11*m**2 - 5*m + 22. What is l(-10)?
-28
Let z(x) = -x**3 + 67*x**2 + 212*x - 135. Determine z(70).
5
Let u(n) = 13*n**2 - 10*n. Determine u(0).
0
Let h(r) = -14*r**3 - 82*r**2 + 33*r + 128. Calculate h(-6).
2
Let m(u) = -251*u - 762. Determine m(-3).
-9
Let n(w) = -w**3 - 91*w**2 + 190*w + 389. Determine n(-93).
17
Let a(m) = -8*m**3 - 166*m**2 - 272*m - 114. Give a(-19).
0
Let d(g) = g**3 + 2*g**2 - 39*g - 150. What is d(-6)?
-60
Let d(c) = 18*c**3 + 917*c**2 - 53*c - 102. Determine d(-51).
0
Let j(r) = -3*r**3 + 156*r**2 - 169*r + 815. Determine j(51).
-1
Let t(v) = 3*v**2 - 265*v + 3355. Give t(73).
-3
Let d(v) = -7*v**2 + 3*v - 18. Calculate d(7).
-340
Let l(u) = -10*u + 618. What is l(58)?
38
Let k(i) = -13940*i - 41814. What is k(-3)?
6
Let f(y) = 167*y + 1123. Determine f(-7).
-46
Let u(y) = 469*y - 9387. Calculate u(20).
-7
Let z(k) = 9*k**3 - 3*k**2 - 10*k - 5. Calculate z(3).
181
Let k(m) = -m**3 - 12*m**2 + 26*m - 143. Determine k(-16).
465
Let x(z) = -20*z - 297. Determine x(-24).
183
Let m(d) = -2*d**3 - 20*d**2 + 29*d + 25. What is m(-11)?
-52
Let y(a) = -2*a**3 - 667*a**2 - 1648*a + 2313. Calculate y(-331).
-4
Let f(b) = -11*b**2 + 12*b - 11. Determine f(2).
-31
Let s(w) = 93*w + 22. Give s(2).
208
Let m(v) = -1340*v + 1385. What is m(1)?
45
Let r(u) = 2523*u + 2529. Determine r(-1).
6
Let t(j) = -j**3 - 51*j**2 - 187*j + 16. Calculate t(-4).
12
Let o(l) = -6*l**2 - 433*l - 54. Calculate o(-72).
18
Let r(k) = -4*k**2 + 79*k - 122. Determine r(18).
4
Let y(m) = -41*m + 406. Give y(10).
-4
Let z(c) = -241*c - 1415. Calculate z(-6).
31
Let k(a) = 2*a**2 - 106*a + 1334. Determine k(20).
14
Let c(z) = 11*z**2 - 1089*z - 13. What is c(99)?
-13
Let t(k) = -79*k - 3225. What is t(-41)?
14
Let r(a) = -14*a - 59. Calculate r(-7).
39
Let u(x) = -402*x - 139891. Calculate u(-348).
5
Let q(g) = 350*g - 2252. Give q(6).
-152
Let n(q) = 2*q**3 + 176*q**2 + 833*q + 12. Determine n(-5).
-3
Let i(h) = 89*h**2 + 2672*h + 65. Calculate i(-30).
5
Let z(h) = -4*h**3 + 167*h**2 + 41*h - 16. What is z(42)?
-58
Let w(p) = 11*p - 875. Give w(85).
60
Let i(z) = -2*z**3 - 244*z**2 + 67*z + 8178. Calculate i(-122).
4
Let t(r) = -r**3 - 52*r**2 + 51*r - 45. Calculate t(-53).
61
Let g(w) = -w**3 + 2*w**2 + 27*w - 266. Give g(6).
-248
Let b(z) = z**3 + 79*z**2 - 65*z + 1174. Calculate b(-80).
-26
Let y(i) = -2*i**3 - 8*i**2 + 18*i + 6. Calculate y(-8).
374
Let r(v) = v**3 + 21*v**2 - 70. What is r(-21)?
-70
Let u(y) = 20*y + 69. Calculate u(-9).
-111
Let h(m) = -m**3 + 19*m**2 + 18*m + 14. Determine h(20).
-26
Let g(v) = -v**2 + 10*v - 77. Determine g(4).
-53
Let s(j) = -j**2 - 49*j - 85. Calculate s(-44).
135
Let d(n) = -29*n + 169. Give d(7).
-34
Let n(o) = -o**2 - 136*o - 1274. Give n(-10).
-14
Let f(u) = 2*u**3 - 49*u**2 + 37*u - 300. Determine f(24).
12
Let f(z) = -2*z**2 + 103*z + 1321. Calculate f(-13).
-356
Let u(a) = 101*a - 833. Determine u(7).
-126
Let w(g) = -60*g**2 - 215*g + 3853. Give w(-10).
3
Let k(t) = -6*t + 9. Give k(-20).
129
Let m(c) = 6*c + 58. Give m(2).
70
Let a(b) = 2*b**3 - 15*b**2 + 22*b - 74. What is a(8)?
166
Let v(u) = -u**2 + 14*u + 31. Give v(22).
-145
Let x(o) = -9*o**2 + 127*o - 33. Give x(14).
-19
Let b(g) = -201*g + 435. Determine b(2).
33
Let h(p) = -554*p + 4429. Calculate h(8).
-3
Let u(n) = -3*n**2 - 148*n - 173. What is u(-48)?
19
Let s(f) = 774*f - 2317. Determine s(3).
5
Let c(d) = -9*d**2 + 26*d + 8. What is c(6)?
-160
Let m(n) = -3*n**3 + 5*n**2 - 9*n + 8. Give m(2).
-14
Let a(u) = u**2 + 45*u - 17853. Calculate a(113).
1
Let t(c) = 2*c**3 - 13*c**2 - c - 20. Calculate t(5).
-100
Let k(y) = -802*y**2 + 7219*y - 6. Give k(9).
3
Let n(g) = 10*g**2 - 90*g + 38. Determine n(8).
-42
Let j(n) = -17*n**3 - 2*n**2 + 4*n + 9. What is j(-3)?
438
Let c(n) = -3*n**3 + 3*n**2 + 11*n - 8. Calculate c(-2).
6
Let s(v) = 186*v - 1101. What is s(6)?
15
Let v(g) = -2*g**2 + 44*g + 154. Determine v(25).
4
Let y(u) = -u**3 - 12*u**2 - 12*u - 17. Determine y(-11).
-6
Let r(g) = -g**3 + 18*g**2 - 31*g - 15. What is r(16)?
1
Let s(u) = u**3 - 78*u**2 - 1084*u - 13. Determine s(-12).
35
Let i(p) = -p**3 - 15*p**2 + 39*p + 48. Give i(-16).
-320
Let r(w) = w**3 + 16*w**2 + 30*w - 26. Give r(-13).
91
Let y(g) = 7*g**2 + 87*g + 28. Calculate y(-12).
-8
Let u(j) = j + 167. Calculate u(-23).
144
Let g(t) = -2*t**3 + 51*t**2 - 276*t - 228. Determine g(17).
-7
Let n(j) = -68*j - 2158. Determine n(-31).
-50
Let y(x) = -86*x - 465. Give y(-6).
51
Let o(p) = -4*p**3 - 24*p**2 + 2*p - 3. Determine o(-6).
-15
Let j(c) = -606*c + 51503. Determine j(85).
-7
Let i(f) = 13*f**2 + 646*f + 4196. Calculate i(-42).
-4
Let r(w) = -38*w - 61. Determine r(-1).
-23
Let w(g) = 9*g**2 - 15*g - 45. Determine w(-3).
81
Let n(q) = -q**3 + 19*q**2 + 24*q + 3. Determine n(20).
83
Let y(v) = -234*v - 4436. What is y(-19)?
10
Let o(g) = -2*g**2 - 154*g + 15270. Calculate o(-134).
-6
Let c(m) = -3*m**3 + 3*m**2 + 58*m - 178. Calculate c(3).
-58
Let w(j) = -10744*j - 42976. Calculate w(-4).
0
Let n(v) = -105*v - 184. Give n(-2).
26
Let q(w) = -36*w**2 - 147*w - 26. Give q(-4).
-14
Let l(p) = p**3 + 124*p**2 - 143*p - 2261. Give l(-125).
-11
Let b(i) = -2*i**3 - 118*i**2 + 124*i + 260. Determine b(-60).
20
Let u(b) = -46*b - 327. Give u(-7).
-5
Let w(t) = t**2 + 16*t + 49. Give w(-5).
-6
Let a(w) = w**3 + 16*w**2 - w - 28. What is a(-16)?
-12
Let x(h) = -85*h + 1012. What is x(12)?
-8
Let n(k) = -250*k + 629. Determine n(3).
-121
Let i(j) = 124*j - 694. Determine i(6).
50
Let x(j) = -2*j**2 + 31*j - 99. What is x(11)?
0
Let g(b) = 408*b - 3036. What is g(7)?
-180
Let x(i) = -686*i + 6211. Calculate x(